3
In base 10, what is -6 - -33910536?
33910530
In base 12, what is -53211a63 + 2?
-53211a61
In base 15, what is -56452720 + -2?
-56452722
In base 14, what is -898 + da7d?
d1c5
In base 11, what is -12550743 - -40?
-12550703
In base 8, what is -236510 - -214?
-236274
In base 13, what is -19 + -1243043?
-124305c
In base 15, what is ceca6a - 1?
ceca69
In base 6, what is -212523454 + 5?
-212523445
In base 3, what is -11022002020020212 + -112?
-11022002020021101
In base 3, what is 11 - 11111012010112110?
-11111012010112022
In base 6, what is 4 - -43221412?
43221420
In base 13, what is -48a + -1b44?
-2301
In base 5, what is -44020 - 4001?
-103021
In base 16, what is 3 - b5cf89?
-b5cf86
In base 9, what is -653443 + 23?
-653420
In base 13, what is -6 + -8219ca?
-821a03
In base 14, what is -d160 + -55?
-d1b5
In base 7, what is -106 + 54222420?
54222311
In base 4, what is 13322330133 - 2?
13322330131
In base 10, what is 4607548 + -4?
4607544
In base 2, what is 1010110011100110010 - 100010?
1010110011100010000
In base 7, what is 1563 + -666056?
-664163
In base 13, what is 9350 - -173?
94c3
In base 12, what is -524733 - 1?
-524734
In base 15, what is -d8 + b39d?
b2b5
In base 12, what is 3b04 + -2ab?
3815
In base 7, what is -5 - 2151301?
-2151306
In base 4, what is -1 + 330122?
330121
In base 8, what is -16460464 + 3?
-16460461
In base 9, what is -6708042 - 2?
-6708044
In base 16, what is -1 + -995b3c?
-995b3d
In base 7, what is -2352433 + -51?
-2352514
In base 14, what is 14193849 + 3?
1419384c
In base 8, what is -23 - -135501?
135456
In base 8, what is -334 + -113057?
-113413
In base 12, what is 5520 - 661b1?
-60891
In base 4, what is 10012 - 10320230?
-10310212
In base 3, what is -10202 - 200220111220?
-200220122122
In base 11, what is -213 + -1a172?
-1a385
In base 8, what is -130 - -36333?
36203
In base 4, what is -2210231110 - 1100?
-2210232210
In base 9, what is 4675586 + -7?
4675578
In base 16, what is -2db + -16f00?
-171db
In base 5, what is -112244030414 - 10?
-112244030424
In base 6, what is -121053534 + -103?
-121054041
In base 10, what is -5 - -2661204?
2661199
In base 7, what is -10001353522 + 5?
-10001353514
In base 11, what is -11346636 - 0?
-11346636
In base 10, what is -455 - -268475?
268020
In base 12, what is -105519 - a19?
-106336
In base 6, what is 3410003255 + -4?
3410003251
In base 10, what is -289 + 211153?
210864
In base 10, what is 306 + 1096490?
1096796
In base 8, what is -256523 - -1354?
-255147
In base 3, what is -220121202202 - -10020?
-220121122112
In base 11, what is 70255626 - -1?
70255627
In base 3, what is -212202102102 - 121?
-212202110000
In base 11, what is -1 + 12594527?
12594526
In base 15, what is 6c + 406ad?
4072a
In base 8, what is 13637 + -17463?
-3624
In base 14, what is 35d2 - -b7?
36a9
In base 12, what is 3ab4a - 186?
3a984
In base 5, what is 123332443 - 10?
123332433
In base 11, what is 0 + a008230?
a008230
In base 14, what is 6a5b + -217?
6844
In base 11, what is -15967 + 49842?
33986
In base 14, what is 1c5147 + 6?
1c514d
In base 4, what is -21301323 + 11222201?
-10013122
In base 9, what is 20720620 - 5?
20720614
In base 2, what is 1000 - -101001101101000010100100?
101001101101000010101100
In base 6, what is 10 + -35504050?
-35504040
In base 12, what is 5 - 2b57322?
-2b57319
In base 2, what is 1110100111110 + -101001010?
1101111110100
In base 10, what is 96 + -412950?
-412854
In base 4, what is -201331 - 111303?
-313300
In base 10, what is 0 - 16947332?
-16947332
In base 4, what is 2 + -223033121120?
-223033121112
In base 14, what is 28 - 4a17c?
-4a154
In base 13, what is -6806b1 - -3?
-6806ab
In base 8, what is -44 + 4424330?
4424264
In base 2, what is -1010000100111101010 + 10?
-1010000100111101000
In base 16, what is -2ae84 + c2?
-2adc2
In base 9, what is 108444777 + -5?
108444772
In base 10, what is 9848 - -8669?
18517
In base 2, what is 10000111110 - -11111100110111?
100001101110101
In base 8, what is 361530530 + -5?
361530523
In base 11, what is -68 - -2416441?
2416384
In base 9, what is 22626 + -234?
22382
In base 3, what is -12 - 102001210100020?
-102001210100102
In base 9, what is 317837 - -472?
318420
In base 3, what is 1021 - -110200112012?
110200120110
In base 12, what is -24b452 + -4?
-24b456
In base 13, what is -1746 + 214c?
706
In base 4, what is -1013012133213 - -11?
-1013012133202
In base 13, what is 188 - -8b7?
a72
In base 16, what is 4fd + -873bc?
-86ebf
In base 13, what is 9ccb + -5b?
9c70
In base 4, what is 3 + -212002331200?
-212002331131
In base 12, what is 3 - -1306902?
1306905
In base 3, what is 20222 + -1121202101?
-1121111102
In base 15, what is -389 - -dc4b?
d8b2
In base 11, what is 9 - 27824450?
-27824442
In base 13, what is -327 + 75a72?
75748
In base 4, what is -30322312322 + -10?
-30322312332
In base 4, what is 33121132 + 101003?
33222201
In base 10, what is 259 + -125781?
-125522
In base 7, what is 2 - 505264566?
-505264564
In base 8, what is -121 + -210775?
-211116
In base 3, what is -10100000211200 + 1?
-10100000211122
In base 5, what is 42044242 + -2?
42044240
In base 4, what is 11310310130 - 1010?
11310303120
In base 5, what is -213 + -4201224423?
-4201230141
In base 16, what is -158cc4 + -c?
-158cd0
In base 16, what is -42 + 1bc0b?
1bbc9
In base 2, what is 1000000101111 + 101111110100?
1110000100011
In base 8, what is -6625 - -75?
-6530
In base 14, what is -1 + -3890c2?
-3890c3
In base 3, what is 11222 - -200002001011?
200002020010
In base 10, what is -4 + -8195010?
-8195014
In base 6, what is -5002400 + 3051?
-4555305
In base 14, what is -1d3666c - -3?
-1d36669
In base 3, what is -221002 - 1200001022?
-1200222101
In base 2, what is -1000 + -10000001110100001110?
-10000001110100010110
In base 6, what is -30 - -144543?
144513
In base 13, what is 44ac - -2233?
6712
In base 5, what is 2101134 - 4104?
2042030
In base 4, what is 11221302233200 - 2?
11221302233132
In base 16, what is -2559c0ac - -1?
-2559c0ab
In base 9, what is -4425687 - -3?
-4425684
In base 7, what is -6635402455 + -2?
-6635402460
In base 6, what is -13 + 20452542?
20452525
In base 12, what is -247 - -3773?
3528
In base 13, what is -3cc70 - -594?
-3c6a9
In base 13, what is 2 - 3c49339?
-3c49337
In base 10, what is 1 - 65856986?
-65856985
In base 7, what is 43352511 - -640?
43353451
In base 2, what is -100 - -100011001100111001001?
100011001100111000101
In base 4, what is -101 - 301130120310?
-301130121011
In base 10, what is 13302 - 3780?
9522
In base 7, what is -12631 - 6055?
-22016
In base 16, what is -12cc5af - 2?
-12cc5b1
In base 6, what is -125 + 1323445?
1323320
In base 14, what is -265 + 1bbdc8?
1bbb63
In base 7, what is -1651 + 121503?
116522
In base 10, what is -60 + 799743?
799683
In base 7, what is 43006 + 2035?
45044
In base 11, what is 0 + 2364522?
2364522
In base 11, what is 65800591 - -3?
65800594
In base 9, what is 63486 - -80?
63576
In base 6, what is 214 - 1150224?
-1150010
In base 11, what is 62634 - 61?
62583
In base 13, what is -2 + -134021b?
-1340220
In base 6, what is -120125 - 12221?
-132350
In base 9, what is 67277804 + 4?
67277808
In base 6, what is 515 - -5233550?
5234505
In base 9, what is 4 - 131241?
-131236
In base 2, what is 111000111111100111111101 + -100?
111000111111100111111001
In base 5, what is -11 - -434233144?
434233133
In base 5, what is 20444 - -1310120?
1331114
In base 2, what is 10100001111000110001111101 + -11?
10100001111000110001111010
In base 13, what is -35 - -9860b3?
98607b
In base 16, what is -6 + 91a6113?
91a610d
In base 11, what is -13555 + 18839?
5294
In base 10, what is -2 - -26824007?
26824005
In base 3, what is -1110120011 + -10111201?
-1121001212
In base 5, what is -1 + -1311341404?
-1311341410
In base 3, what is 1 - 221000022112000?
-221000022111222
In base 4, what is -113003032210 + 112?
-113003032032
In base 11, what is -398 - -12730?
12343
In base 3, what is 1022122 + -1120211222?
-1112112100
In base 11, what is -5970022 + -1?
-5970023
In base 7, what is 102265365 + -24?
102265341
In base 12, what is 6928 - 452a?
23ba
In base 12, what is 311b26 - -b4?
31201a
In base 16, what is -2e + d731e8?
d731ba
In base 7, what is -2 - -31116456?
31116454
In base 11, what is a1a7 + 14024?
23220
In base 7, what is -5 + 42426301?
42426263
In base 12, what is 